*2/2 - b + 114. Let v be (3/2)/(6/4). Determine t(v).
0
Let a(n) be the second derivative of 0 + 2*n**2 - 13*n + 1/6*n**3. What is a(-4)?
0
Let b(j) be the third derivative of j**4/4 + 8*j**3 + j**2 + 43*j. Determine b(-9).
-6
Let j(q) = 44 - 48 + 20*q - 4*q**2 + 2*q**2. What is j(8)?
28
Let v(z) = -z**2 + 7*z - 3. Let l be v(6). Let s(u) = -724 + 2*u + 723 + 3*u**2 - 5*u. Determine s(l).
17
Let h(a) = -a**3 - 6*a**2 - 4*a + 5. Let c be h(-5). Suppose c = 3*g - 0 + 18. Let u(b) = b - 2 + 0*b + 2. What is u(g)?
-6
Let n(k) = 7*k - 1. Let i(d) = 19*d - 1. Let h(s) = 3*i(s) - 8*n(s). Let u = -9 - -9. Give h(u).
5
Let l = -5 - -16. Let v(p) = -l + 6*p + 10*p**2 + 2*p + 73*p**3 - 72*p**3. Determine v(-9).
-2
Let x be (-24)/(-4)*(-6)/(-36)*2. Let t(g) = 2*g**2 + 2*g - 6. What is t(x)?
6
Suppose 2*a - 13 = -33. Let k(u) = -u**3 - 9*u**2 + 12*u + 18. Give k(a).
-2
Let o(c) = c**3 + 9*c**2 - 6. Let t = -18 + 9. Let j be o(t). Let s be (-3)/j - 14/4. Let d(h) = -h**3 - 3*h**2 - h. Determine d(s).
3
Suppose h - 482 = -479. Let j(z) be the third derivative of -9*z**2 - 1/24*z**4 + 1/2*z**h + 0*z + 0. Calculate j(7).
-4
Let q(d) = -5*d + 7. Suppose 299 = 6*b + 341. What is q(b)?
42
Let u(l) = -l**2 + 6*l - 3. Suppose -33 = -x - x - 5*m, 2*m = 5*x - 97. Suppose 6*q + x = y + 2*q, q = -4*y + 25. Give u(y).
-10
Let k(v) = 1 - 7*v**2 + 4*v - 3*v - 2*v. Let c = -92 + 94. Suppose 2*m = -z + 1, 5*m - 6*m - 3*z = c. Determine k(m).
-7
Let b(j) be the second derivative of j**3/6 + 7*j**2 - 48*j - 2. Give b(-10).
4
Let y be -6 + (-21)/3 + 2. Let c(w) = w**2 + 12*w + 2. Determine c(y).
-9
Let u(r) = -16*r + 1. Let g(o) = 5*o. Let w(c) = -7*g(c) - 2*u(c). Suppose -3*n + 19 = -p, -5*p + 9*p + 2*n = -6. Determine w(p).
10
Let z = -28 - -29. Suppose z = a - 6. Let k(y) = -y**3 + 8*y**2 - 7*y. Calculate k(a).
0
Let n = -7 - -12. Suppose -n*v + 3*v - 2 = -4*q, 0 = -q - 4*v + 14. Let z = 0 + q. Let c(u) = 7*u - 3. Calculate c(z).
11
Suppose y - 63*w = -60*w + 17, w = 2*y - 9. Let t(i) = 4*i**3 - 3*i**2 + 1. Calculate t(y).
21
Let z be 1 - -1 - (0 + -6). Let w(n) = -17 + 6 + 2 + 4 - 2*n + 6. What is w(z)?
-15
Suppose 2*d = 3*h + 61, -4*h + 27 + 90 = 3*d. Let y = d + -29. Let c(u) = -u**2 - u. Let a(l) = 4*l**2 - l - 6. Let q(n) = a(n) + 3*c(n). What is q(y)?
6
Suppose 0 = 4*o - 2*o - 8. Let v(d) = 4 + o*d - d - 2. Let l = -1848 - -1850. What is v(l)?
8
Let k(j) be the first derivative of -j**4/4 + 5*j**3/3 - j**2/2 - 4*j + 2031. Let g be (-38)/(-9) + (-4)/18. Suppose g*u = 14 - 2. Give k(u).
11
Let u(p) be the third derivative of p**4/12 + 2*p**3/3 - 41*p**2. Let k be (-4)/((-1 + 2)*-1). Let l = -1 + k. Give u(l).
10
Let k = 25928 + -25932. Let h(j) be the third derivative of -j**6/120 - j**5/15 - j**4/8 - j**3 + j**2. Give h(k).
6
Let v(q) = 2*q**2 - 6*q + 2. Let k(c) = c**3 + 3*c**2 - 3*c - 8. Let u be k(2). Calculate v(u).
38
Let m(z) = -z + 4. Let s(k) = -k**3 - 4*k**2 + 5. Suppose -2*c - 2*j - 12 = 0, -3*c - 22 = c + 3*j. Let b be s(c). Determine m(b).
-1
Suppose 0 = 5*b - 0*y - 5*y, -5*b + 4*y = -1. Let q be b/2*36/6. Let n(l) = -2*l + 3. What is n(q)?
-3
Let d(x) be the second derivative of -x**7/2520 - x**6/120 + 7*x**5/120 - 5*x**4/4 - 10*x. Let o(p) be the third derivative of d(p). Calculate o(-7).
0
Let j(d) = d**2 - 4 + 0*d**2 + d**2 - 2*d - d**3 + 6*d. Let s(b) = -b**2 - 4*b. Let y be s(-3). Give j(y).
-1
Let f(p) be the second derivative of -p**4/12 + 7*p**3/6 + 7*p**2/2 + 2*p - 5. Calculate f(6).
13
Let g(f) = -7*f**2 + 1. Let h(d) = -9*d**2 + 1. Let t(w) = -4*g(w) + 3*h(w). Give t(2).
3
Let j(m) be the second derivative of m**5/120 + m**3/6 + m. Let r(g) be the second derivative of j(g). Let u = 2026 + -2024. Calculate r(u).
2
Let r(t) be the second derivative of t**4/6 - 25*t**3/6 + 9*t**2/2 + 10*t - 2. Determine r(12).
-3
Let d = -245 - -239. Let l(r) = -r + 1. Calculate l(d).
7
Let f = 435 - 439. Let a(j) = -3*j + 1. Determine a(f).
13
Suppose 2*n - 2 - 2 = 2*o, -16 = -5*n + 3*o. Let x(z) be the third derivative of 0*z**n - 7*z**2 + 0*z**3 + 0 + 1/24*z**6 + 0*z - 1/24*z**4. Calculate x(1).
4
Suppose 7 = 5*b - 23. Let z be (-1)/2 - 9/b. Let k(q) be the second derivative of q**4/12 - q**3/6 + q**2/2 + 8*q. Calculate k(z).
7
Let o(g) = -g**2 + 9*g + 15. Suppose 5*k + 29 = 3*l, 5*l + 2*k - 5*k - 43 = 0. Determine o(l).
23
Let o = 44 - 29. Suppose 0 = 2*f + 5*g + 1 - 0, 0 = 5*f - 5*g - o. Let y(z) = -f*z + 1 - z**2 - 2 + 5. Give y(-3).
1
Let z(s) be the first derivative of -1/6*s**3 + 1/20*s**5 - 1/12*s**4 + 3*s - 3 - 1/2*s**2. Let k(v) be the first derivative of z(v). Calculate k(0).
-1
Let f(d) be the first derivative of -2*d**3 - 2*d - 1/4*d**4 + 10 - 3*d**2. Suppose 3*p = -2*z - 7, z = 5*p + 2*z + 21. Calculate f(p).
3
Let x(u) = -u**2 + u - 7. Let i(w) = 7*w + 8. Let a be i(-6). Let d = a - -49. Suppose -5*o - d = v, -3*v + 6*v - 6 = 2*o. Give x(v).
-7
Let j(n) = -n**3 - 2*n**2 + n + 1. Suppose -5*o = 5*c - 30, 5*o = -4*c + 29 - 0. What is j(c)?
-1
Let j(n) be the third derivative of -n**4/6 + 3*n**3 - 168*n**2. Give j(4).
2
Let q(h) = 3 - 3 - 2 + 7*h + h**2. Let l = -99 - -92. Calculate q(l).
-2
Let s(h) = 3*h + 7. Let p(v) = 7 + 0*v - 1 + 2*v. Let f(n) = -n + 7. Let x be f(12). Let y(m) = x*p(m) + 4*s(m). Determine y(3).
4
Let c(u) = u**2 - 4*u + 1. Suppose g - 5*r = -2, -2*r = -4*g - r + 68. Let w = g + -13. Suppose -4*q - 11 = -3*k - w*q, 31 = 3*k - 4*q. Give c(k).
6
Let x(b) = b - 5. Let t(m) = -3*m - 11. Let g be t(-7). Suppose g*d - 98 = -4*d. Determine x(d).
2
Let o(k) = -6*k. Let x = 11 + -2. Suppose 0*h = 5*h - 5*f + 5, 0 = -3*h - 3*f + x. Let d be (-3)/6*h*-2. Determine o(d).
-6
Let w(r) = 3*r**2 - 7*r - 1. Let d be w(3). Suppose -31 + 36 = d*j. Let o(u) = -8*u**2 + u - 1. Give o(j).
-8
Let v(l) = -1 + 2*l - 30*l**2 + 26*l**2 - l**3 - 3. Determine v(-4).
-12
Let c(a) = -a - a**2 + 0*a**3 - 691 + a**3 + 689. Calculate c(2).
0
Let m(d) = d**2 - 3*d + 1. Suppose 9*y + 3*y = -828. Let z = y - -74. Determine m(z).
11
Suppose -4*m - 5 = -c, -m - 2*c = -2*m + 4. Let i be -10 + -1 - (-8 + 4). Let v = m - i. Let o(x) = -x. Calculate o(v).
-5
Let f(y) = -y**2 - 4*y - 2. Let p = 381 - 386. Give f(p).
-7
Let u be -1*9/(9/(-2)). Let k(d) = 0 + 3*d**2 - 16*d - d**3 + u + 12*d + 0*d**3. Suppose 5*i = -x - 12, 0 = -5*x + 7*i - 2*i + 30. Calculate k(x).
-10
Let y(n) = n - 7. Let v be y(4). Let z = 2 - v. Suppose -4*h - h = -z*x + 10, -x = h + 4. Let p(t) = -4*t + 2. Determine p(h).
14
Suppose -14 = -5*c + 2*q, -3*c - 6 + 3 = -5*q. Let a(t) be the third derivative of 17*t**2 - 1/60*t**5 + 0*t + 1/6*t**3 + 0 + 1/24*t**4. Calculate a(c).
-11
Let x(u) be the first derivative of -u**4/4 - 5*u**3/3 - u**2/2 + 2*u - 19. Calculate x(-5).
7
Let p(m) be the third derivative of m**5/60 - m**4/3 + 4*m**3/3 - 4*m**2. Determine p(6).
-4
Let h(p) = 5*p**2 - 5. Let f(a) = 9*a**2 + a - 10. Let t(y) = 4*f(y) - 7*h(y). Let k = 9 + -5. Suppose -k*r - 12 = -2*r. What is t(r)?
7
Let d(x) = 4*x - 2*x + 2*x + 6 + 4*x - 7*x. Let k be 0/(-1 + 0 - -3). Determine d(k).
6
Let w(j) = -j - 7. Let x(l) = -10 - 2*l + 3*l + 18. Let a(z) = -4*w(z) - 3*x(z). Give a(5).
9
Let d be 8/(-20) + (-69)/15. Let q(p) = p**3 + 3*p**2 - 11*p - 6. Let t be q(d). Let o(f) = 2*f**2 + 2*f + 1. Calculate o(t).
1
Let c(s) = -s**2 - 8*s + 3. Let i = -5 - -6. Let p be i*(-1 + 0)*6. Determine c(p).
15
Let u(z) = 7*z**3 + z**2 + z. Let s = -26 - -30. Let w(p) = p**3 - 3*p**2 - 5*p + 3. Let t be w(s). Give u(t).
-7
Let a(s) be the second derivative of s**5/60 - s**4/12 - 5*s**3/6 + s**2 - 2*s. Let q(n) be the first derivative of a(n). Calculate q(4).
3
Let g(h) = -2*h**2 + 5. Let p(c) = -c**2 - 2*c - 1. Let n(o) = -g(o) + 3*p(o). What is n(-6)?
-8
Suppose k = 4*s - 35, -57 = -5*s - k - 2. Let g(m) = s - 6*m - m**2 - 5 + m. Let y be g(-5). Let n(v) = -v**3 + 4*v**2 + 4*v + 3. Calculate n(y).
-2
Let w be (-2)/3 + 14/(-6). Let y be (1 + -2)/(w + 4)*3. Let j(m) = 0*m - m**3 + 0 - 2 - 5*m - 5*m**2. Determine j(y).
-5
Let r(b) be the second derivative of -b**4/12 + 5*b**3/6 + b**2/2 - b. Suppose -10*q + 30 = -5*q. Give r(q).
-5
Let j(k) = -3*k - 3 + 7 - 3 - k**2. Suppose -c = -5*q - 24 + 5, -4*c = -q. Let i be 14/(-8) + 45/12 + q. Calculate j(i).
3
Let j(r) = 4*r + 14 - 5*r - 11 + 8. Determine j(8).
3
Let p(z) = 5*z**2 